rs of 12571293.
3, 7, 19, 643
What are the prime factors of 10028?
2, 23, 109
List the prime factors of 5134922.
2, 13, 41, 4817
What are the prime factors of 14610607?
11, 1328237
List the prime factors of 7767851.
7, 13, 85361
What are the prime factors of 4003618?
2, 2001809
List the prime factors of 1268612.
2, 239, 1327
List the prime factors of 77029.
77029
What are the prime factors of 1479363?
3, 493121
What are the prime factors of 187087?
61, 3067
What are the prime factors of 6630273?
3, 13, 61, 929
What are the prime factors of 270848?
2, 23
What are the prime factors of 17767406?
2, 8883703
List the prime factors of 3525910.
2, 5, 101, 3491
List the prime factors of 224273.
7, 23, 199
What are the prime factors of 7052511?
3, 2350837
List the prime factors of 2258960.
2, 5, 11, 17, 151
What are the prime factors of 68679?
3, 13, 587
What are the prime factors of 8708355?
3, 5, 431, 449
What are the prime factors of 3649474?
2, 53, 34429
List the prime factors of 135807.
3, 7, 29, 223
List the prime factors of 9647814.
2, 3, 11, 97, 137
List the prime factors of 3880347.
3, 311, 4159
What are the prime factors of 3166501?
13, 243577
What are the prime factors of 5014222?
2, 1171, 2141
What are the prime factors of 27430532?
2, 2137, 3209
List the prime factors of 1004029.
13, 457
What are the prime factors of 868068?
2, 3, 24113
What are the prime factors of 1120707?
3, 7, 17789
What are the prime factors of 473438?
2, 7, 4831
What are the prime factors of 217712?
2, 11, 1237
What are the prime factors of 8376?
2, 3, 349
What are the prime factors of 76498?
2, 23, 1663
List the prime factors of 4733680.
2, 5, 7, 79, 107
What are the prime factors of 3412021?
3412021
List the prime factors of 1224597.
3, 11, 43, 863
List the prime factors of 6445027.
1733, 3719
What are the prime factors of 2609634?
2, 3, 434939
List the prime factors of 3175215.
3, 5, 211681
What are the prime factors of 3752683?
11, 389, 877
List the prime factors of 149323.
149323
List the prime factors of 689490.
2, 3, 5, 47, 163
List the prime factors of 2988313.
823, 3631
What are the prime factors of 2708929?
1373, 1973
List the prime factors of 681095.
5, 179, 761
What are the prime factors of 17201159?
17201159
List the prime factors of 1671874.
2, 835937
What are the prime factors of 117041?
117041
What are the prime factors of 5664552?
2, 3, 37, 6379
List the prime factors of 1157642.
2, 578821
List the prime factors of 384319.
13, 17, 37, 47
List the prime factors of 11472043.
11, 269, 3877
List the prime factors of 26300520.
2, 3, 5, 43, 1699
What are the prime factors of 203412?
2, 3, 11, 23, 67
What are the prime factors of 15931?
89, 179
What are the prime factors of 2844853?
11, 258623
What are the prime factors of 34738?
2, 11, 1579
What are the prime factors of 777240?
2, 3, 5, 17, 127
List the prime factors of 2605179.
3, 103, 8431
What are the prime factors of 1166105?
5, 233221
List the prime factors of 961220.
2, 5, 13, 3697
What are the prime factors of 2622396?
2, 3, 7, 31219
What are the prime factors of 203731?
11, 18521
What are the prime factors of 11694505?
5, 2338901
List the prime factors of 16093265.
5, 3218653
What are the prime factors of 1598187?
3, 17, 31337
List the prime factors of 1410450.
2, 3, 5, 9403
What are the prime factors of 1644575?
5, 157, 419
List the prime factors of 2845758.
2, 3, 67, 7079
List the prime factors of 13399870.
2, 5, 11, 61, 1997
List the prime factors of 738798.
2, 3, 59, 2087
What are the prime factors of 7626787?
7, 83, 13127
List the prime factors of 3584029.
109, 131, 251
List the prime factors of 1829958.
2, 3, 13, 29, 809
List the prime factors of 1172368.
2, 47, 1559
What are the prime factors of 2892643?
13, 222511
What are the prime factors of 222495?
3, 5, 7, 13, 163
List the prime factors of 655508.
2, 7, 41, 571
List the prime factors of 5081089.
13, 41, 9533
What are the prime factors of 12998267?
12998267
What are the prime factors of 2844439?
13, 16831
List the prime factors of 197873.
13, 31, 491
What are the prime factors of 2447860?
2, 5, 122393
List the prime factors of 3763193.
7, 537599
List the prime factors of 77397.
3, 25799
List the prime factors of 14906845.
5, 2981369
List the prime factors of 4138725.
3, 5, 139, 397
List the prime factors of 1904106.
2, 3, 317351
List the prime factors of 601188.
2, 3, 7, 17, 421
List the prime factors of 184593.
3, 37, 1663
What are the prime factors of 8061586?
2, 13, 19, 16319
What are the prime factors of 1961384?
2, 245173
What are the prime factors of 292519?
17, 17207
List the prime factors of 2444185.
5, 163, 2999
List the prime factors of 44383.
44383
List the prime factors of 25565481.
3, 127, 22367
List the prime factors of 9696783.
3, 17, 19, 10007
What are the prime factors of 294237?
3, 32693
What are the prime factors of 60819?
3, 11, 19, 97
What are the prime factors of 39021?
3, 13007
List the prime factors of 2487841.
19, 23, 5693
List the prime factors of 286014.
2, 3, 73, 653
List the prime factors of 285574.
2, 142787
What are the prime factors of 531603?
3, 6563
What are the prime factors of 2298484?
2, 574621
List the prime factors of 3273753.
3, 7, 155893
What are the prime factors of 614689?
97, 6337
What are the prime factors of 30819467?
7, 71, 62011
What are the prime factors of 15589735?
5, 7, 211, 2111
List the prime factors of 1531326.
2, 3, 17, 15013
List the prime factors of 8470541.
269, 31489
What are the prime factors of 5896773?
3, 17, 29, 443
List the prime factors of 94743.
3, 11, 29
List the prime factors of 255712.
2, 61, 131
What are the prime factors of 2757861?
3, 23, 4441
List the prime factors of 184598.
2, 23, 4013
What are the prime factors of 618031?
618031
What are the prime factors of 3913006?
2, 31, 63113
List the prime factors of 232945.
5, 46589
List the prime factors of 1339734.
2, 3, 11, 53, 383
What are the prime factors of 5038006?
2, 2519003
What are the prime factors of 2459018?
2, 19, 163, 397
List the prime factors of 5675970.
2, 3, 5, 189199
List the prime factors of 26991406.
2, 13, 113, 9187
List the prime factors of 1385219.
11, 125929
List the prime factors of 597635.
5, 17, 79, 89
List the prime factors of 523047.
3, 7, 24907
What are the prime factors of 350595?
3, 5, 7, 53
What are the prime factors of 2061127?
2061127
List the prime factors of 1060236.
2, 3, 9817
What are the prime factors of 261869?
131, 1999
List the prime factors of 2085558.
2, 3, 193, 1801
What are the prime factors of 3990233?
13, 306941
List the prime factors of 9559617.
3, 373, 8543
What are the prime factors of 195345?
3, 5, 1447
What are the prime factors of 1568920?
2, 5, 61, 643
What are the prime factors of 21304004?
2, 479, 11119
List the prime factors of 90182.
2, 67, 673
What are the prime factors of 736200?
2, 3, 5, 409
List the prime factors of 785578.
2, 101, 3889
List the prime factors of 574717.
11, 13, 4019
What are the prime factors of 1650429?
3, 11, 5557
What are the prime factors of 2861452?
2, 11, 65033
List the prime factors of 370685.
5, 7, 17, 89
List the prime factors of 1508892.
2, 3, 7, 11, 23, 71
What are the prime factors of 224102?
2, 89, 1259
List the prime factors of 197004.
2, 3, 16417
What are the prime factors of 4260204?
2, 3, 13, 9103
What are the prime factors of 9061697?
17, 41, 13001
What are the prime factors of 5465992?
2, 7, 97607
List the prime factors of 55245.
3, 5, 29, 127
What are the prime factors of 119244?
2, 3, 19, 523
What are the prime factors of 9663665?
5, 11, 15973
What are the prime factors of 92159?
157, 587
List the prime factors of 518054.
2, 19, 13633
List the prime factors of 17038117.
19, 109, 433
List the prime factors of 325805.
5, 17, 3833
What are the prime factors of 112659?
3, 17, 47
What are the prime factors of 308448?
2, 3, 7, 17
List the prime factors of 2431384.
2, 313, 971
What are the prime factors of 998049?
3, 13, 157, 163
List the prime factors of 20390800.
2, 5, 19, 2683
List the prime factors of 8419098.
2, 3, 61, 23003
List the prime factors of 2312885.
5, 462577
List the prime factors of 8806506.
2, 3, 1467751
List the prime factors of 15587918.
2, 59, 2239
What are the prime factors of 4815038?
2, 2407519
Wha